of j?
4
Suppose -3*o + 13 = 2*g + 2*o, -2*o + 7 = -g. Let h(k) = -37*k**3 - 2*k**2 + 1. What is the tens digit of h(g)?
3
Let x be (-9 - -5)*(1 - 2). Suppose -x*q = -13 + 1. Suppose -2*a - f = 2*a - 44, -q*f - 12 = 0. What is the tens digit of a?
1
Suppose 3*g + 3*f + 1 = 22, 2*f - 8 = g. Suppose g*p = 9*p - 525. What is the tens digit of p?
7
Let t be (24/(-15))/(4/(-70)). Suppose -4*a + 0*a + t = 3*u, 5*u - 8 = 3*a. Let p(f) = f**3 - f**2 - 3*f + 6. What is the units digit of p(u)?
2
Let w = 901 - 628. What is the hundreds digit of w?
2
Let a(v) = -12*v - 13. Let z(x) = 12*x + 13. Let f(c) = 3*a(c) + 2*z(c). What is the tens digit of f(-8)?
8
Suppose -2*w + 3 = -0*o + o, -2*o = 5*w - 6. Let p(a) = -a**3 + 45. Let j be p(w). Let q = -19 + j. What is the tens digit of q?
2
Let m be -1 + 0/2 + (-1352)/(-13). What is the units digit of 1*m + -4 + 8?
7
Let i(q) = -678*q**3 - 2*q - 3. What is the units digit of i(-1)?
7
Let i be ((-4)/3)/(2/1419). What is the tens digit of (((-6)/4)/(-1))/((-11)/i)?
2
Let c = 5082 + -939. What is the tens digit of c?
4
Let y(q) = 496*q**3 - 3*q + 20. What is the tens digit of y(2)?
8
Suppose 0*i = 4*i - 8. Suppose 6 = -2*a - 2, 0 = 5*h - 5*a - 30. Suppose 6*g - i*g - d = 110, h*d = -g + 23. What is the tens digit of g?
2
Let i be (1 - (173 + -2))*13. What is the tens digit of 6/10 + i/(-25)?
8
Suppose j + 3*j - 720 = 0. Suppose -3*n + j = 3*w, -2*w = -0*w + 8. What is the tens digit of n?
6
Let u = -1058 - -1647. What is the units digit of u?
9
Let d(w) = 50*w + 29. Let s be d(8). What is the hundreds digit of (3 + (-16)/6)*s?
1
Let u(c) be the second derivative of 7*c**4/6 + c**3/6 - c**2 + c. What is the units digit of u(-2)?
2
Suppose -8 = -3*r - r. Suppose -r*h + 6*h = 8. Suppose 0 = -h*l + 5*l - 96. What is the units digit of l?
2
Let b = -330 + 689. What is the units digit of b?
9
Let p be 1/(-3 + 39/12). Let s(v) = 7*v + 8. What is the tens digit of s(p)?
3
Suppose z + 2*n = 75 + 285, 4*z - 5*n = 1388. What is the hundreds digit of z?
3
Let n = -80 + 71. Let h(g) = -g**3 - 9*g**2 - 10*g - 15. What is the tens digit of h(n)?
7
Let d be 1 - ((-2)/1 + -35). Suppose -17*x + 263 = 790. Let m = x + d. What is the units digit of m?
7
Let j = 53 + -47. Suppose 92 = v + j. What is the tens digit of v?
8
Let r(n) = n + 41. What is the units digit of r(2)?
3
Let p(o) = 3*o**2 - 6*o - 28. What is the units digit of p(-25)?
7
Suppose 0 = -8*p + 7219 - 67. What is the units digit of p?
4
Let l(r) = 33 - 19*r + 283*r**2 - 271*r**2 + 5*r. What is the units digit of l(4)?
9
What is the units digit of (24 - -3)*1*(-1 + 14)?
1
Let a = -2 + 13. Suppose a*u - 20 = 6*u. Suppose -109 = -3*s - u*z, -35 = 2*s + 5*z - 117. What is the tens digit of s?
3
Suppose 31*s + 630 = 36*s. What is the hundreds digit of s?
1
Let x be (1 - 154)/(-20 + 21). What is the tens digit of (-4)/(12/x) + -3?
4
Suppose 36*n = 3*v + 34*n - 3508, -5*n = 25. What is the tens digit of v?
6
Let t = 168 - 155. Suppose 4*y = y + 5*o + 24, 3*o + 9 = 0. Suppose -32 - t = -y*l. What is the tens digit of l?
1
Let c be (-396)/27*(-6)/(-4). Let a be c/(-2) + 18/(-6). Suppose -w - v + 7 = 0, -5*w + 27 = v - a. What is the units digit of w?
7
Let p = -116 - -302. What is the hundreds digit of p?
1
Let y be 0 + 2 - (5 + -6). Let k be y/6*2 - 1. Suppose -p - 4*v = -41, p - 2*p - 5*v + 46 = k. What is the units digit of p?
1
Suppose -5*u + 10*u = 0. Suppose b + 411 = 3*t, 4*t - 3*b - 548 = -u*t. What is the hundreds digit of t?
1
Suppose -x + 107 = 10. Let b = x - 70. What is the units digit of b?
7
Suppose -258*h = -261*h + 648. What is the hundreds digit of h?
2
Let q(i) = -i + 6. Let k be q(3). Suppose 0 = -z + k*z + 6. What is the units digit of ((-7)/(-3))/(z/(-9))?
7
Let x = -15 + 20. Suppose -x*a + 605 = 4*m, 2*a - 259 = -0*a - 5*m. What is the units digit of a?
7
Suppose 0 = 3*h - 147 + 3. Suppose 2*t - h + 16 = 0. What is the units digit of t?
6
Suppose 18164 - 1551 = 37*n. What is the tens digit of n?
4
Suppose -4*h - 33 = -5*h. Suppose 0 = 2*i - 32 - 0. Let y = h - i. What is the units digit of y?
7
Let f = 2 + 3. Suppose -10 = -f*m + 10. Suppose -m*p + 4 = -0. What is the units digit of p?
1
Let p(t) = 24*t + 10. Suppose 33 = 7*m + 5. What is the tens digit of p(m)?
0
Suppose 4 = -5*c - 11. Let d be (-12)/10*(-20)/c. Let l = d + 11. What is the units digit of l?
3
Let y(c) = -85*c - 54. What is the hundreds digit of y(-7)?
5
Let u be (7 - 4)/(3/1557). Suppose u = g + 8*g. What is the hundreds digit of g?
1
Suppose t = 4*d - 4*t - 118, -42 = -d - 5*t. What is the tens digit of d?
3
Suppose w - 10 = -7. What is the tens digit of (-4)/12*(-774)/w?
8
Let a = -30 - -666. What is the tens digit of (a/(-15))/((-2)/10) - -2?
1
Suppose -3*h + 3973 = 2*w, 3*w + 1324 = h + 4*w. What is the hundreds digit of h?
3
What is the tens digit of 516 - 0 - (-688)/86?
2
Let l = 878 - 375. Let z = -306 + l. What is the units digit of z?
7
Let k(x) = x**2 - 34*x - 392. What is the tens digit of k(-21)?
6
Let o(x) = 4*x**3 + 4*x - 6*x**2 + 7 + 5*x - 9 - 5*x**3. Let w(d) = -d**3 + d**2 - 3*d + 2. Let c be w(2). What is the units digit of o(c)?
4
What is the units digit of 1/((-36)/(-23160)) - 1/3?
3
Suppose -2763 + 187 = -4*o. What is the tens digit of o?
4
Suppose -4*r + 25 = -5*h, -4*r = r + 4*h - 21. Suppose 5*v - 74 = -2*b - 2*b, -5*v + 75 = r*b. What is the units digit of v?
4
Let l = -77 - -135. Suppose l + 24 = 2*k. Suppose -4*y = -p - k, 5*y = -0*y + 5*p + 55. What is the units digit of y?
0
Let p(c) = -4*c**3 - c**2 - 2*c - 1. Let w = 4 + -16. Let d(y) = y**2 + 11*y - 13. Let a be d(w). What is the units digit of p(a)?
4
Let u(b) = -b**3 - 7*b**2 + 5*b - 4. Let j(d) = -d**3 - 7*d**2 + 8*d + 3. Let h be j(-8). Suppose 0*i + 24 = -h*i. What is the tens digit of u(i)?
2
Suppose 1301 = 8*f - 15747. What is the tens digit of f?
3
Let g be 0 + (6/3 - -11). Suppose g = 2*y - 15. Let v = y - 2. What is the tens digit of v?
1
Let f = -2066 + 4257. What is the units digit of f?
1
Suppose -4*o - 4*c + 1616 = 0, 4*o + c = 4*c + 1595. What is the tens digit of o?
0
Let a = 2 - 2. What is the units digit of (a - 7)*44/(-14)?
2
Let v = 983 - 573. What is the units digit of v?
0
Let k be 2*(-1 + -1)/(-4). Suppose -27*d = -31*d + 20. Suppose -3*c - 15 = -h, -4*c + k - 2 = d*h. What is the units digit of h?
3
Let r(o) be the second derivative of o**4/12 - 23*o**3/6 - 4*o**2 - o. Let l be r(17). What is the units digit of (-16)/(-56) - l/7?
6
Suppose 493*u - 488*u = 3425. What is the tens digit of u?
8
Let w(c) = c**2 + 5*c**2 + 6 - 7. Let o be w(-1). Suppose 0 = -2*q - o*h, q = 6*q + 5*h - 30. What is the tens digit of q?
1
What is the tens digit of 2/(-8) - -117*(-81)/(-4)?
6
Let v(u) = -u**3 - 8*u**2 - 2*u + 1. Let k be v(-3). Suppose 5*s - y = -0*y + 285, 4*s - 228 = y. Let j = k + s. What is the tens digit of j?
1
Let w be (5 - 7) + 1 + 1. Suppose -5*d + 25 = w, v - 28 = -2*v - 2*d. What is the units digit of (v/(-4))/((-9)/240)?
0
Let v = -8 + 10. Suppose p + v*p = 18. Suppose -z = -p*z + 40. What is the units digit of z?
8
Suppose i = 4*v - 33, i + 2*v + 63 = -0*v. Let a = i - -83. What is the tens digit of ((-72)/a)/(2/(-15))?
1
What is the hundreds digit of (51/(-34))/((-3)/(-31888)*-4)?
9
Let c = 1932 - 221. What is the hundreds digit of c?
7
Suppose 0 = -5*r - 2*u - 1 - 12, -3*u = 3*r + 6. What is the tens digit of (r + 0)/(36/(-516))?
4
Let x(w) = 5*w**2 + 14*w - 11. Let h be x(-9). Suppose -5*l = -5*y + 408 - 78, -4*y = -5*l - h. What is the tens digit of y?
6
Let s(y) = -15*y**3 - 9*y**2 - 82*y - 8. What is the hundreds digit of s(-6)?
4
Suppose -3475 = -7*o + 9937. What is the units digit of o?
6
Suppose -2*h = 108 + 302. Let b = h + 404. Suppose -5*s - v = -327, -3*s + 0*s - 2*v + b = 0. What is the tens digit of s?
6
Let h = 14 - 9. Let u = h + -2. Suppose r - 10 = -u*t, -2*r - 2 + 1 = -t. What is the units digit of t?
3
Let l = -156 - -232. Suppose -4*q + 20 = t, 3*q + t - 4*t = 15. Suppose -q*p - z = -p - l, 70 = 3*p + 4*z. What is the tens digit of p?
1
Suppose 36 = 3*a + a. Let n = 28 + a. What is the units digit of n?
7
Suppose -b - 3 - 3 = 0. Let a(s) = 2*s**2 + 2*s - 6. What is the units digit of a(b)?
4
Let t = -22 + 8. Let x = 76 + t. What is the tens digit of x?
